d + 5*n + 30 = -0*n, 36 = 5*d + n. Calculate the greatest common divisor of d and 119.
7
Suppose -18879 - 8859 = -134*t. Let d be 142/6 + 6/(-9). Calculate the greatest common divisor of t and d.
23
Let z(b) = -2*b. Let d = -12 - -10. Let s be z(d). Calculate the greatest common factor of 6 and s.
2
Suppose z + 3*z = 132. Let j = z + -27. Suppose j = v - 3. Calculate the greatest common divisor of v and 45.
9
Let n be (-4)/(-7) - (-10)/7 - 2. Suppose -4*q + 1772 - 102 = -2*b, 3*q - 2*b - 1252 = n. Calculate the greatest common divisor of q and 38.
38
Suppose 0 = t, 3*i - 5*t - 268 = 110. Let d(w) = w + 6. Let x be d(8). What is the greatest common factor of x and i?
14
Suppose -3*s - c + 205 = 0, 38 = 2*s + c - 98. What is the greatest common divisor of s and 12?
3
Suppose 0 = -6*t + 4*t + 282. Suppose 4*k = t - 45. Let i(r) = -r**2 - 5*r + 30. Let m be i(-8). Calculate the highest common divisor of m and k.
6
Suppose -5*l + 34 = -181. Let u be 1/(-3) - l/(-3). Suppose -3*n + i = 79 - 200, -3*i + 15 = 0. What is the highest common divisor of u and n?
14
Let t be (1 - -84) + -2 - (0 - 0). Calculate the highest common factor of t and 1245.
83
Let l = 560 + -514. Calculate the highest common divisor of 92 and l.
46
Let q(j) = 3*j**3 + 2*j**2 - j - 3. Let h(y) = -4*y - 46. Let x be h(-12). Let s be q(x). What is the highest common divisor of 9 and s?
9
Let g(x) = 3*x**2 - 3*x + 6. Let t be g(-12). Suppose c - 471 = -2*c - 3*b, 0 = -3*c - 4*b + t. What is the highest common divisor of 14 and c?
14
Suppose z - 5 + 2 = 0. Suppose 79 = f - 3*i - 152, -447 = -2*f + z*i. Suppose 0 = 3*o - 2*o - f. What is the highest common divisor of o and 27?
27
Let h = 6 - -11. Let b = 98 - h. Calculate the greatest common divisor of b and 18.
9
Suppose 19*a + 10*a = 580. Calculate the highest common divisor of 10 and a.
10
Let d be 4/38 - ((-1320)/95 + -4). Let c(p) = 28*p - 1. Let v be c(1). Calculate the greatest common divisor of d and v.
9
Suppose 0 = 3*x + 12, 4*m = 5*x + 45 + 55. Suppose m = 3*l - l. Suppose -5*b + 98 = -2*n - 342, 5*n = 5*b - 425. What is the highest common divisor of b and l?
10
Suppose 0*o - 22 = -o. Suppose -2*j - j + 3*x = -333, -4*j = -10*x - 450. What is the greatest common divisor of o and j?
22
Let v be (4 - (4 - -1)) + -4. Let g be 11 + (v - (4 - 5)). Let l be 7/(-2*2/(-36)). What is the highest common factor of l and g?
7
Let o be 3/12 - 247/(-52). Suppose 0 = 3*c - t - 148, o*t - 159 = -5*c + 101. What is the greatest common factor of 50 and c?
50
Let v = -4 + 4. Suppose v = 3*t + c - 37, 5*t - 2*c - 69 = -11. Calculate the greatest common divisor of 84 and t.
12
Suppose -4*k = 3*b + b - 108, 2*b + 4*k = 56. What is the greatest common divisor of 208 and b?
26
Suppose 0 = 102*w - 94*w - 600. Calculate the greatest common divisor of 30 and w.
15
Suppose -5*t = -t + 2*b - 14, -7 = -5*t + b. Let v be 264/110 - t/5. What is the highest common factor of v and 22?
2
Let q = -9 - -8. Let f be q/(-3) + 1400/12. Calculate the greatest common factor of 9 and f.
9
Let v = 667 - 219. What is the greatest common divisor of v and 16?
16
Let o = -2325 + 2346. Calculate the greatest common factor of 168 and o.
21
Let l(x) be the second derivative of -3*x + 1/12*x**4 + 0 + x**3 - 3*x**2. Let w be l(-8). Calculate the greatest common divisor of 5 and w.
5
Suppose 0 = -4*q + b + 1, 3*q = -2*q + b. Let i be (0 + 9 + q)/2. Suppose 0 = i*v - 24 - 44. What is the highest common factor of v and 187?
17
Let l be (75/(-10) + -6)/((-3)/18). Calculate the highest common divisor of l and 216.
27
Suppose 0 = -55*c + 58*c - 108. What is the greatest common divisor of 468 and c?
36
Let q be 7/(14/(-120)) - (2 - -1). Let r = q + 111. What is the highest common factor of r and 32?
16
Let w(y) = -3 + 11*y**2 - 5*y + 0 - 2*y**3 + y**3. Let p be (-46)/(-69)*54/4. Let i be w(p). Calculate the highest common divisor of 76 and i.
38
Let d = -147 - -92. Let c be (0 + 9)/((-5)/d). Suppose 3*k - 4*a = -3 + 30, 4*a = -3*k + 27. What is the highest common divisor of c and k?
9
Let m = 298 + -288. Calculate the greatest common factor of 5 and m.
5
Let i be (11 - 13)*(0 + 10). Let m = i - -28. Suppose 3*n - 2*r = 5, 4*r + 9 = m*n - 3*n. What is the greatest common factor of n and 5?
1
Let o be (-27)/45 - 1716/(-10). What is the highest common divisor of o and 18?
9
Let f = 212 - -1403. Calculate the highest common divisor of 95 and f.
95
Suppose q = -4*i + 192, -11*q + 6*q = -5*i + 240. Calculate the highest common factor of 6 and i.
6
Suppose -2*z + 562 = -4*p, -2*p = -7 + 9. Let d = -15 - -25. Suppose 145 = 5*c - d. What is the greatest common factor of z and c?
31
Suppose 0 = 7*v - 4*v + 3*q + 591, 0 = -3*v - 2*q - 596. Let c = v - -402. Calculate the greatest common factor of 40 and c.
40
Let j(c) = -36*c + 9. Let h be j(-7). Let m = -36 + h. Calculate the greatest common divisor of 25 and m.
25
Let f be 4/8 - (-231)/6. Suppose 166*l - 39 = 163*l. Calculate the greatest common divisor of l and f.
13
Let k be (-6 - -8) + -2 - -175. Calculate the highest common divisor of k and 140.
35
Let w = -964 - -1048. Calculate the highest common divisor of 168 and w.
84
Let j(w) = w**2 + 4*w - 8. Let l be j(-11). Suppose 22*a - 1703 - 321 = 0. What is the greatest common divisor of l and a?
23
Suppose -o = -589 - 423. Calculate the highest common divisor of o and 92.
92
Suppose -15 = 5*k, 3*k = m + 3 - 15. Suppose 11 = 2*h + m*j, -5*h = 3*j - j - 44. Suppose 4*a + 114 - 434 = 0. Calculate the highest common divisor of h and a.
10
Suppose 2*s = -3*x + 30, 4*x - 98 = -5*s + 8*x. Calculate the highest common divisor of 78 and s.
6
Let j(q) = -q**3 + 25*q**2 - 55*q - 62. Let n be j(18). Calculate the greatest common divisor of 228 and n.
76
Let i = -283 - -399. Calculate the greatest common factor of 4 and i.
4
Suppose -5*r = -0*r + w - 238, -194 = -4*r + w. Let q = 43 - 27. What is the highest common factor of r and q?
16
Suppose -u + 35 - 30 = 0. Suppose 0 = u*i - 56 - 174. Calculate the highest common divisor of 230 and i.
46
Suppose -3*p + 5*t = 3*t + 136, p - 2*t = -52. Let u be ((-5)/6)/(7/p). Calculate the highest common divisor of u and 45.
5
Suppose 34*i + 510 = 51*i. Calculate the highest common factor of i and 102.
6
Let x(z) = -z**2 - 4*z + 5. Let n(m) = -3*m + 2. Let l be n(2). Let k be x(l). Let a be 2/k*(11 + 4). Calculate the highest common divisor of 2 and a.
2
Let w be (-10)/(-50) + (-79)/(-5). Suppose k - w = 2*d, -2*k = -0*d + 4*d. Calculate the highest common factor of 8 and k.
8
Let w = 1377 + -1355. What is the highest common divisor of w and 77?
11
Suppose -11*u - 102 = -5*u. Let j = u + 17. Suppose -b + 17 + 13 = j. What is the highest common divisor of b and 120?
30
Let z(o) = -3*o**3 - 9*o**2 + 12*o + 40. Let f be z(-7). Calculate the highest common factor of f and 204.
68
Let q be (-46)/(-161) + 60/(-14). Let w(c) = -c**3 - 4*c**2 + c + 8. Let u be w(q). What is the highest common divisor of 28 and u?
4
Let n(k) = 5*k**3 - 2*k**2 - 2. Suppose 4*c - 4 = -q, -2*c - 10 + 34 = -5*q. Let r be n(c). Calculate the highest common divisor of r and 3.
3
Let i = -257 - -653. Suppose -i = 4*u - 10*u. Suppose -2*t - 5*a = -0*a + 13, -4*t - a + 19 = 0. What is the greatest common factor of u and t?
6
Let g be (9 + -7)*141/(-12)*-4. Calculate the greatest common divisor of 6 and g.
2
Let g = -59 + 62. What is the highest common factor of g and 7?
1
Let l = 804 + -802. Calculate the highest common divisor of 206 and l.
2
Suppose -3*r + 6*r = 6. Suppose 9 - 21 = -r*h. Let f be h/14 + 22/14. Calculate the highest common factor of 14 and f.
2
Let o = 67 - 58. Suppose 0 = 10*v - o*v - 75. What is the greatest common factor of 30 and v?
15
Let u be (-2)/5 + (-2)/(-5). Suppose 0 = -5*d - u*d + 300. Calculate the highest common divisor of 12 and d.
12
Let v(f) = 8*f + 1. Let z = 36 + -35. Let m be v(z). What is the greatest common divisor of 18 and m?
9
Suppose 0 = -2*o + 11 + 5. Let v be 10*(2 - 12/o). Let k(p) = 4*p - 7. Let w be k(v). What is the highest common factor of w and 26?
13
Suppose -4*z = 3*f - 451 + 101, 3*f = 5*z - 424. Calculate the greatest common factor of 301 and z.
43
Let m(k) = 2*k**2 + 28*k - 52. Let z be m(2). Let l = 21 - 9. Calculate the highest common di